((-432)/(-972)). What is the greatest common factor of f and 37?
1
Suppose -2*n - 520 = -54*n. What is the greatest common factor of n and 485?
5
Let y be 178/11 - 14/77. Let o = 21 - y. Suppose -o*n = 4*d - 1162, 3*n - 2*d = 37 + 647. Calculate the highest common divisor of n and 23.
23
Suppose -13*j - 6*j + 1520 = 0. Calculate the highest common factor of 280 and j.
40
Let h be (-4)/12 + (-685)/(-3). Let q = h + -123. Suppose 4*o = 2*v + 90, -o + 5*v = -6*o + q. Calculate the greatest common divisor of 33 and o.
11
Let t be (-18)/(-30) + (-366)/(-15). Suppose -412 = -2*b - 3*w, 0*w - 4*w = -16. Calculate the highest common factor of t and b.
25
Let a = 779 - 759. What is the greatest common divisor of a and 32?
4
Suppose 0*l = -l + 19. Let q = -24 + 22. Let a be q + 94 - (0 - 3). Calculate the greatest common divisor of a and l.
19
Suppose 146 = 4*r - 14. Suppose -2*u - 2*u = -20. What is the highest common factor of r and u?
5
Suppose -2*v - 41 = -3*v. Let o = v + -26. Suppose 0 = -g - g - l + 21, 0 = 5*g - 5*l - o. Calculate the highest common factor of g and 88.
8
Suppose -b + 12 + 16 = 0. Let j = -24 + b. Calculate the greatest common factor of j and 4.
4
Let m = 280 - 203. What is the greatest common factor of 14 and m?
7
Suppose 2*z = 4*c - 162, 4*c - 186 = -z - 27. Let s(u) = 50*u**3 - u**2 + 1. Let t be s(1). Let f = t + -42. Calculate the greatest common factor of f and c.
8
Suppose 0 = -37*b + 21*b + 2176. What is the greatest common divisor of b and 85?
17
Suppose -4*m = 5 + 15. Let g = -5 - m. Suppose -4*b - 4*j = -76, g = -0*b - b + j + 9. Calculate the highest common factor of 98 and b.
14
Let s(r) = -r**3 + 9*r**2 + 7*r - 75. Let m be s(7). Calculate the greatest common factor of m and 126.
18
Suppose 8*i + 10*i = 648. What is the greatest common divisor of 684 and i?
36
Let f = 57 + 86. Calculate the greatest common divisor of f and 22.
11
Let s = -5 - -11. Suppose 2*h + s = 114. Calculate the highest common divisor of 135 and h.
27
Let b(v) = 4*v**2 + 37*v + 27. Let m be b(-24). Calculate the highest common divisor of 26 and m.
13
Suppose 70*t - 72 = 68*t. What is the highest common factor of 20 and t?
4
Suppose 4*a + z - 560 = 0, 9*z - 7*z = 0. Calculate the highest common factor of a and 308.
28
Let h be (-20)/(-4) - (-13 + 3). Let i = 15 - 0. What is the highest common divisor of h and i?
15
Let a = 266 + -130. Suppose x - 20 + 3 = 0. Calculate the greatest common factor of a and x.
17
Suppose 5*a + 256 = 2*x, 0 = 2*x - 14*a + 11*a - 260. Calculate the greatest common divisor of 76 and x.
19
Let b be 5 + (-1 - (-16)/4). Suppose 0 = b*o - 14*o + 1452. Calculate the highest common divisor of o and 22.
22
Suppose -5*l = -14*l + 54. Let y be (9 - 2) + (l - 3). Calculate the greatest common factor of 25 and y.
5
Let k = 806 - 803. What is the highest common factor of 27 and k?
3
Suppose 3*r - 4 = 11. Suppose -z + 2*g = 1, -3 + 14 = 3*z + g. Let k be 1 - (1 + z)/(-1). Calculate the highest common divisor of k and r.
5
Let n be 2 + 0 - (11 - 267). Calculate the highest common divisor of 6 and n.
6
Let j = -2945 - -2948. Let a be ((-1)/(-2))/(2/48). Calculate the greatest common factor of j and a.
3
Suppose 0 = 8*c - 25 - 39. Suppose -2*s = 5*u - 6*s - 80, 0 = -4*s. Suppose -g - g = -u. What is the greatest common divisor of g and c?
8
Suppose y - 4*g = -4*y + 3, 0 = -4*y + g - 2. Suppose 80 = -12*f + 92. Let i be 9 + f + y + -3. What is the greatest common factor of i and 36?
6
Suppose 3*a - 10*a + 112 = 0. What is the highest common divisor of 1024 and a?
16
Let o(y) = -4*y**2 + 81*y + 53. Let v be o(19). Calculate the greatest common divisor of 4 and v.
4
Suppose 5*c + 2*l + 15 = -2*l, 3 = -2*c - l. Let j be ((38/2)/c)/1. Let w = 355 + -184. What is the greatest common divisor of w and j?
19
Let y be 2/(-8)*2*(-4 - -4). Suppose -6 = -5*r + g, 5*g + 5 = -y. What is the highest common divisor of r and 11?
1
Let t(h) = -h**3 - h + 33. Let d be t(0). Let p = -98 - -93. Let b be (p*(-9)/(-45))/((-1)/66). What is the greatest common divisor of d and b?
33
Let p(i) = -420*i - 418. Let y be p(-1). Suppose 0 = 4*x - 8 - 8. Calculate the greatest common factor of y and x.
2
Let v(s) = s**2 - 16*s - 16. Suppose 0 = 5*m + 2*c - 100, 3*m - c + 4*c = 69. Let d be v(m). Calculate the greatest common factor of 10 and d.
10
Let w be -3*((-111)/18 - (-1)/(-2)). Let x be (4 - (-2073)/12) + (-15)/w. What is the highest common divisor of x and 11?
11
Let j = 212 + -201. Suppose 0 = 2*o + 2*t - 2, 0 - 3 = t. Suppose o*a - a = 132. Calculate the greatest common factor of a and j.
11
Let j(z) = z**2 - 8*z + 13. Let c be j(6). Let s be c/(0 + 1) - 5. Let h be (-2)/s + 2984/16. Calculate the highest common divisor of h and 17.
17
Suppose -d + 24 = 10. Let h = -26 - d. Let w be (416/h)/(6/(-165)). Calculate the greatest common factor of w and 26.
26
Suppose -462*k = -454*k - 8. What is the highest common divisor of k and 13?
1
Let j be ((-20)/6)/(2/6). Let n = 32 + j. Let h be (15/(-12) - -4)*2*2. Calculate the greatest common divisor of n and h.
11
Suppose -v - 3*v + 504 = 0. Suppose -5*w - v = -6. Let r = 54 + w. What is the highest common divisor of r and 10?
10
Let j = -44 + 47. Suppose -q + 5 = -j. Suppose -2*d + 108 = 4*c + d, 3*d = 12. What is the greatest common divisor of q and c?
8
Let f = 80 + -103. Let r = f + 29. What is the greatest common factor of r and 30?
6
Let u = -38 + -6. Let h be 4/22 + 8/u. Let q(o) = o**2 + o + 48. Let m be q(h). What is the greatest common divisor of m and 12?
12
Let t be (3/(-6))/(3 + 3714/(-1236)). What is the greatest common divisor of t and 1?
1
Let k be 102*(-4)/(-36)*6. What is the highest common divisor of 85 and k?
17
Let c be (-153)/(-7) + 5/35. Suppose 53 - 8 = 3*t. Let d be ((-12)/t)/(831/(-825) + 1). Calculate the highest common divisor of d and c.
22
Let j(s) = 2*s - 12. Let q be j(6). Suppose q*x + 4*x - 44 = 0. Let c = 41 - x. Calculate the greatest common divisor of c and 30.
30
Let k = 101 + -98. Suppose -3*o + 2*p + 40 = 0, -5*p + 2 = 4*o - 13. Let i = o - 7. What is the greatest common factor of k and i?
3
Let k = -2068 - -2070. Let y = 2 + 4. Calculate the greatest common divisor of k and y.
2
Let x(s) = 5*s + 3 - 6*s + 3*s + 3. Let h be x(5). Let w be -3 + (-3)/((-6)/h). Calculate the highest common factor of 25 and w.
5
Suppose 0 = 4*g - 1 - 23. Suppose 60 = -3*x + g*x. Let w(h) = -h**3 + 4*h**2 + 8*h - 5. Let q be w(5). What is the highest common divisor of x and q?
10
Suppose 5*c + 275 = 3*v, -2*v - 2*v - 2*c + 358 = 0. What is the highest common factor of 1110 and v?
30
Suppose -25 = 5*g, 0*w + 3*w - 1758 = -3*g. Suppose h + 3*h + 4*c = 492, -5*h = -c - w. Let x = 53 + -36. Calculate the highest common divisor of h and x.
17
Let j(k) = 3*k**3 + k**2 - k - 1. Let d be j(1). Let q be ((-2)/(d*-1))/((-4)/(-208)). Calculate the highest common divisor of 13 and q.
13
Let r = -190 + 250. Calculate the greatest common divisor of 1020 and r.
60
Let w be -4 + 28 + ((21 + -1)/5 - 7). Let l be 755/4 - (-1)/4. What is the highest common factor of l and w?
21
Suppose -2*b + 406 = 3*v - 0*b, 2*v + 4*b = 284. Calculate the highest common factor of v and 220.
44
Let b be 33 + (3/(-8) - (-148)/(-32)). What is the highest common factor of 413 and b?
7
Let f = 1024 + -982. Suppose -3*a + 70 = 2*a. Calculate the greatest common divisor of f and a.
14
Suppose 2*k - 6 - 94 = 0. Let b = 52 - k. What is the highest common factor of b and 10?
2
Let t be (-29)/(-2 + 1) + 2. Suppose t*p - 48 = 27*p. What is the highest common factor of 108 and p?
12
Let h be 1090 - 3/(-6)*8. Suppose c = -5*d + 210, 3*d - h = -3*c - 2*c. What is the greatest common divisor of 22 and c?
22
Let h(r) = 51*r**3 - 2*r**2 + 1. Let p be h(1). Suppose p = -5*a - 20. Let b = a - -33. What is the highest common factor of b and 76?
19
Let a = 1568 + -1144. What is the highest common divisor of 24 and a?
8
Let o be (-4)/2*(-6)/(-24)*-138. What is the greatest common divisor of o and 92?
23
Suppose 0*z = 3*z + 9. Let i be -1063 - (4 + 0 + z). Let s be i/(-49) + 4/14. What is the greatest common divisor of s and 55?
11
Let c(k) = k**3 - 6*k**2 - 5*k + 32. Let u be c(6). What is the greatest common divisor of u and 18?
2
Let f be (10/(-25))/